{"id":86749,"date":"2024-06-25T10:56:16","date_gmt":"2024-06-25T11:12:40","guid":{"rendered":"https:\/\/factory.sale\/?post_type=product&#038;p=86749"},"modified":"2024-09-26T15:10:01","modified_gmt":"2024-09-26T12:10:01","slug":"eristetty-dual-leirintamokki-48-m-x-59-m","status":"publish","type":"product","link":"https:\/\/factory.sale\/fi\/tuote\/eristetty-dual-leirintamokki-48-m-x-59-m\/","title":{"rendered":"Eristetty dual-leirint\u00e4m\u00f6kki 4,8 m x 5,9 m"},"content":{"rendered":"<p>Koe vertaansa vailla oleva monipuolisuus eristetyss\u00e4 leirint\u00e4m\u00f6kki. Kaksi yhteen liitetty\u00e4 yksikk\u00f6\u00e4 tarjoavat loputtomia mahdollisuuksia mukautumiseen, olipa kyseess\u00e4 sitten oleskelutila tai sauna, joka on r\u00e4\u00e4t\u00e4l\u00f6ity yksil\u00f6llisten mieltymysten ja ideoiden mukaan.<\/p>\n<p>Nauti ymp\u00e4rivuotisesta mukavuudesta eristyksen ja kattavien varusteiden ansiosta, mukaan lukien s\u00e4hk\u00f6asennukset, suihku, wc, pesuallas ja l\u00e4mminvesivaraaja pyynn\u00f6st\u00e4. Takaa viihtyis\u00e4n ja mukavan oleskelun vuodenajasta riippumatta.<\/p>\n<p>&nbsp;<\/p>\n<p>&nbsp;<\/p>\n<p><strong>Tekniset tiedot:<\/strong><\/p>\n<p>Pituus: 5,9 m<br \/>\nLeveys: 4,8 m<br \/>\nMuoto: Pod<br \/>\nPuu: M\u00e4nty<br \/>\nSis\u00e4pinta-ala: 22,28 m\u00b2<br \/>\nOikea puoli: 11,14 m\u00b2<br \/>\nVasen puoli: 2,2 m\u00b2 terassi + 4 m\u00b2 tila kylpyhuoneelle ja wc + 4,86 m\u00b2 huone<br \/>\nSein\u00e4t: M\u00e4ntypaneelit, 14 mm sis\u00e4- ja ulkopuolella<br \/>\nKorkeus: 2,63 m<br \/>\nKuljetuspaino, kg: 6000 (2 x 3000 kg)<br \/>\nSivuseinien paksuus: 126 mm<br \/>\nP\u00e4\u00e4tyseinien paksuus: 118 mm<br \/>\nLattian paksuus: 158 mm, 28 mm lattialaudat<br \/>\nEristys: Kivivilla kaikissa seiniss\u00e4, katoissa ja lattioissa, eristyksen paksuus 100 mm<br \/>\nKattomateriaali: Bitumikattotiilet<br \/>\nOven koko, mm: 85 x 192<br \/>\nIkkunan koko, mm: 82 x 122<br \/>\nWC-ikkuna: 39 x 68<br \/>\nLasi: Tuplalasi<br \/>\nLukko: Sylinterilukko<br \/>\nKahva: Vakio<\/p>\n<p><strong><img loading=\"lazy\" decoding=\"async\" class=\"alignnone wp-image-86737\" src=\"https:\/\/factory.sale\/wp-content\/uploads\/2024\/06\/dual-pod-moodud-300x240.png\" alt=\"\" width=\"487\" height=\"390\" srcset=\"https:\/\/factory.sale\/wp-content\/uploads\/2024\/06\/dual-pod-moodud-300x240.png 300w, https:\/\/factory.sale\/wp-content\/uploads\/2024\/06\/dual-pod-moodud-1024x818.png 1024w, https:\/\/factory.sale\/wp-content\/uploads\/2024\/06\/dual-pod-moodud-150x120.png 150w, https:\/\/factory.sale\/wp-content\/uploads\/2024\/06\/dual-pod-moodud-600x479.png 600w, https:\/\/factory.sale\/wp-content\/uploads\/2024\/06\/dual-pod-moodud.png 1478w\" sizes=\"auto, (max-width: 487px) 100vw, 487px\" \/><\/strong><\/p>\n<p>&nbsp;<\/p>\n<p><img loading=\"lazy\" decoding=\"async\" class=\"alignnone wp-image-86743\" src=\"https:\/\/factory.sale\/wp-content\/uploads\/2024\/06\/dual-pod-ulevalt-vaade-300x250.png\" alt=\"\" width=\"487\" height=\"406\" srcset=\"https:\/\/factory.sale\/wp-content\/uploads\/2024\/06\/dual-pod-ulevalt-vaade-300x250.png 300w, https:\/\/factory.sale\/wp-content\/uploads\/2024\/06\/dual-pod-ulevalt-vaade-1024x855.png 1024w, https:\/\/factory.sale\/wp-content\/uploads\/2024\/06\/dual-pod-ulevalt-vaade-150x125.png 150w, https:\/\/factory.sale\/wp-content\/uploads\/2024\/06\/dual-pod-ulevalt-vaade-600x501.png 600w, https:\/\/factory.sale\/wp-content\/uploads\/2024\/06\/dual-pod-ulevalt-vaade.png 1212w\" sizes=\"auto, (max-width: 487px) 100vw, 487px\" \/><\/p>\n<p>&nbsp;<\/p>\n<p><strong>Vakiovarustus:<\/strong><\/p>\n<p>3 huonetta<br \/>\nPuiset m\u00e4ntylautalattiat<br \/>\nEristetyt Pod-sein\u00e4t<br \/>\nKatto peitetty bitumikattotiilell\u00e4, v\u00e4rivaihtoehdot: musta, punainen tai vihre\u00e4<br \/>\nOvet: 1 ulko-ovi tuplalasilla ja lukolla; 1 sis\u00e4ovi; 1 liukuovi<br \/>\n3 avattavaa tuplalasitettua ikkunaa + WC-ikkuna<\/p>\n<p>&nbsp;<\/p>\n<p><strong>Saatavilla olevat bitumikattotiilien v\u00e4rit:<\/strong><br \/>\nMusta, vihre\u00e4, punainen<\/p>\n<p><strong><img loading=\"lazy\" decoding=\"async\" class=\"alignnone wp-image-86156\" src=\"https:\/\/factory.sale\/wp-content\/uploads\/2024\/06\/colours-wooden-me-300x82.png\" alt=\"\" width=\"563\" height=\"154\" srcset=\"https:\/\/factory.sale\/wp-content\/uploads\/2024\/06\/colours-wooden-me-300x82.png 300w, https:\/\/factory.sale\/wp-content\/uploads\/2024\/06\/colours-wooden-me-150x41.png 150w, https:\/\/factory.sale\/wp-content\/uploads\/2024\/06\/colours-wooden-me-600x164.png 600w, https:\/\/factory.sale\/wp-content\/uploads\/2024\/06\/colours-wooden-me.png 638w\" sizes=\"auto, (max-width: 563px) 100vw, 563px\" \/><\/strong><\/p>\n<p>&nbsp;<\/p>\n<p><strong>Lis\u00e4ksi saatavilla (hinnat ilman ALV):<\/strong><\/p>\n<p>&nbsp;<\/p>\n<p><strong>S\u00e4hk\u00f6varustelu:<\/strong><\/p>\n<p>Yksi pistorasia 69 \u20ac<br \/>\nTuplapistorasia 74,75 \u20ac<br \/>\nYksi kytkin 69 \u20ac<br \/>\nTuplakytkin 86,25 \u20ac<br \/>\nJohto yhdelle lampulle 28,75 \u20ac<br \/>\nSulaketaulu 138 \u20ac<\/p>\n<p>&nbsp;<\/p>\n<p>&nbsp;<\/p>\n<p><strong>LVI-varusteet ja asennus:<\/strong><\/p>\n<p>WC 189,75 \u20ac<br \/>\nSuihku 316,25 \u20ac<br \/>\nPesuallas 253 \u20ac<br \/>\n30 l l\u00e4mminvesivaraaja 253 \u20ac<br \/>\nUlkomaali: 442,75 \u20ac<br \/>\nLakatut lattiat: 207 \u20ac<\/p>\n<p>&nbsp;<\/p>\n<p>&nbsp;<\/p>\n<p><strong>Saatavilla my\u00f6s paljon huonekaluja, kysy lis\u00e4\u00e4.<\/strong><\/p>\n<p>&nbsp;<\/p>\n<p>&nbsp;<\/p>\n<div class=\"video-wrapper \"><iframe loading=\"lazy\" title=\"The folding bench from Woodprofesionals\" width=\"500\" height=\"281\" src=\"https:\/\/www.youtube.com\/embed\/rihF8b40BVs?feature=oembed\" frameborder=\"0\" allow=\"accelerometer; autoplay; clipboard-write; encrypted-media; gyroscope; picture-in-picture; web-share\" referrerpolicy=\"strict-origin-when-cross-origin\" allowfullscreen><\/iframe><\/div>\n","protected":false},"excerpt":{"rendered":"<p>Koe vertaansa vailla oleva monipuolisuus leirint\u00e4m\u00f6kki. Kahdesta yhdistetyst\u00e4 yksik\u00f6st\u00e4 koostuva se tarjoaa loputtomasti mukautumismahdollisuuksia asuintiloista yksil\u00f6llisiin mieltymyksiin ja ideoihin r\u00e4\u00e4t\u00e4l\u00f6ityihin saunakokoonpanoihin.<\/p>\n","protected":false},"featured_media":86720,"comment_status":"open","ping_status":"closed","template":"","meta":{"_acf_changed":false},"factory":[],"free-shipment":[],"product_brand":[],"product_cat":[1112,2889],"product_tag":[],"class_list":{"0":"post-86749","1":"product","2":"type-product","3":"status-publish","4":"has-post-thumbnail","6":"product_cat-elementtitalot","7":"product_cat-leirintamokit","9":"first","10":"instock","11":"sale","12":"taxable","13":"shipping-taxable","14":"purchasable","15":"product-type-simple"},"acf":[],"_links":{"self":[{"href":"https:\/\/factory.sale\/fi\/wp-json\/wp\/v2\/product\/86749","targetHints":{"allow":["GET"]}}],"collection":[{"href":"https:\/\/factory.sale\/fi\/wp-json\/wp\/v2\/product"}],"about":[{"href":"https:\/\/factory.sale\/fi\/wp-json\/wp\/v2\/types\/product"}],"replies":[{"embeddable":true,"href":"https:\/\/factory.sale\/fi\/wp-json\/wp\/v2\/comments?post=86749"}],"wp:featuredmedia":[{"embeddable":true,"href":"https:\/\/factory.sale\/fi\/wp-json\/wp\/v2\/media\/86720"}],"wp:attachment":[{"href":"https:\/\/factory.sale\/fi\/wp-json\/wp\/v2\/media?parent=86749"}],"wp:term":[{"taxonomy":"factory","embeddable":true,"href":"https:\/\/factory.sale\/fi\/wp-json\/wp\/v2\/factory?post=86749"},{"taxonomy":"free-shipment","embeddable":true,"href":"https:\/\/factory.sale\/fi\/wp-json\/wp\/v2\/free-shipment?post=86749"},{"taxonomy":"product_brand","embeddable":true,"href":"https:\/\/factory.sale\/fi\/wp-json\/wp\/v2\/product_brand?post=86749"},{"taxonomy":"product_cat","embeddable":true,"href":"https:\/\/factory.sale\/fi\/wp-json\/wp\/v2\/product_cat?post=86749"},{"taxonomy":"product_tag","embeddable":true,"href":"https:\/\/factory.sale\/fi\/wp-json\/wp\/v2\/product_tag?post=86749"}],"curies":[{"name":"wp","href":"https:\/\/api.w.org\/{rel}","templated":true}]}}

Eristetty dual-leirintämökki 4,8 m x 5,9 m

<p>Koe vertaansa vailla oleva monipuolisuus eristetyssä leirintämökki. Kaksi yhteen liitettyä yksikköä tarjoavat loputtomia mahdollisuuksia mukautumiseen, olipa kyseessä sitten oleskelutila tai sauna, joka on räätälöity yksilöllisten mieltymysten ja ideoiden mukaan.</p>
<p>Nauti ympärivuotisesta mukavuudesta eristyksen ja kattavien varusteiden ansiosta, mukaan lukien sähköasennukset, suihku, wc, pesuallas ja lämminvesivaraaja pyynnöstä. Takaa viihtyisän ja mukavan oleskelun vuodenajasta riippumatta.</p>
<p>&nbsp;</p>
<p>&nbsp;</p>
<p><strong>Tekniset tiedot:</strong></p>
<p>Pituus: 5,9 m<br />
Leveys: 4,8 m<br />
Muoto: Pod<br />
Puu: Mänty<br />
Sisäpinta-ala: 22,28 m²<br />
Oikea puoli: 11,14 m²<br />
Vasen puoli: 2,2 m² terassi + 4 m² tila kylpyhuoneelle ja wc + 4,86 m² huone<br />
Seinät: Mäntypaneelit, 14 mm sisä- ja ulkopuolella<br />
Korkeus: 2,63 m<br />
Kuljetuspaino, kg: 6000 (2 x 3000 kg)<br />
Sivuseinien paksuus: 126 mm<br />
Päätyseinien paksuus: 118 mm<br />
Lattian paksuus: 158 mm, 28 mm lattialaudat<br />
Eristys: Kivivilla kaikissa seinissä, katoissa ja lattioissa, eristyksen paksuus 100 mm<br />
Kattomateriaali: Bitumikattotiilet<br />
Oven koko, mm: 85 x 192<br />
Ikkunan koko, mm: 82 x 122<br />
WC-ikkuna: 39 x 68<br />
Lasi: Tuplalasi<br />
Lukko: Sylinterilukko<br />
Kahva: Vakio</p>
<p><strong><img loading="lazy" decoding="async" class="alignnone wp-image-86737" src="https://factory.sale/wp-content/uploads/2024/06/dual-pod-moodud-300x240.png" alt="" width="487" height="390" srcset="https://factory.sale/wp-content/uploads/2024/06/dual-pod-moodud-300x240.png 300w, https://factory.sale/wp-content/uploads/2024/06/dual-pod-moodud-1024x818.png 1024w, https://factory.sale/wp-content/uploads/2024/06/dual-pod-moodud-150x120.png 150w, https://factory.sale/wp-content/uploads/2024/06/dual-pod-moodud-600x479.png 600w, https://factory.sale/wp-content/uploads/2024/06/dual-pod-moodud.png 1478w" sizes="auto, (max-width: 487px) 100vw, 487px" /></strong></p>
<p>&nbsp;</p>
<p><img loading="lazy" decoding="async" class="alignnone wp-image-86743" src="https://factory.sale/wp-content/uploads/2024/06/dual-pod-ulevalt-vaade-300x250.png" alt="" width="487" height="406" srcset="https://factory.sale/wp-content/uploads/2024/06/dual-pod-ulevalt-vaade-300x250.png 300w, https://factory.sale/wp-content/uploads/2024/06/dual-pod-ulevalt-vaade-1024x855.png 1024w, https://factory.sale/wp-content/uploads/2024/06/dual-pod-ulevalt-vaade-150x125.png 150w, https://factory.sale/wp-content/uploads/2024/06/dual-pod-ulevalt-vaade-600x501.png 600w, https://factory.sale/wp-content/uploads/2024/06/dual-pod-ulevalt-vaade.png 1212w" sizes="auto, (max-width: 487px) 100vw, 487px" /></p>
<p>&nbsp;</p>
<p><strong>Vakiovarustus:</strong></p>
<p>3 huonetta<br />
Puiset mäntylautalattiat<br />
Eristetyt Pod-seinät<br />
Katto peitetty bitumikattotiilellä, värivaihtoehdot: musta, punainen tai vihreä<br />
Ovet: 1 ulko-ovi tuplalasilla ja lukolla; 1 sisäovi; 1 liukuovi<br />
3 avattavaa tuplalasitettua ikkunaa + WC-ikkuna</p>
<p>&nbsp;</p>
<p><strong>Saatavilla olevat bitumikattotiilien värit:</strong><br />
Musta, vihreä, punainen</p>
<p><strong><img loading="lazy" decoding="async" class="alignnone wp-image-86156" src="https://factory.sale/wp-content/uploads/2024/06/colours-wooden-me-300x82.png" alt="" width="563" height="154" srcset="https://factory.sale/wp-content/uploads/2024/06/colours-wooden-me-300x82.png 300w, https://factory.sale/wp-content/uploads/2024/06/colours-wooden-me-150x41.png 150w, https://factory.sale/wp-content/uploads/2024/06/colours-wooden-me-600x164.png 600w, https://factory.sale/wp-content/uploads/2024/06/colours-wooden-me.png 638w" sizes="auto, (max-width: 563px) 100vw, 563px" /></strong></p>
<p>&nbsp;</p>
<p><strong>Lisäksi saatavilla (hinnat ilman ALV):</strong></p>
<p>&nbsp;</p>
<p><strong>Sähkövarustelu:</strong></p>
<p>Yksi pistorasia 69 €<br />
Tuplapistorasia 74,75 €<br />
Yksi kytkin 69 €<br />
Tuplakytkin 86,25 €<br />
Johto yhdelle lampulle 28,75 €<br />
Sulaketaulu 138 €</p>
<p>&nbsp;</p>
<p>&nbsp;</p>
<p><strong>LVI-varusteet ja asennus:</strong></p>
<p>WC 189,75 €<br />
Suihku 316,25 €<br />
Pesuallas 253 €<br />
30 l lämminvesivaraaja 253 €<br />
Ulkomaali: 442,75 €<br />
Lakatut lattiat: 207 €</p>
<p>&nbsp;</p>
<p>&nbsp;</p>
<p><strong>Saatavilla myös paljon huonekaluja, kysy lisää.</strong></p>
<p>&nbsp;</p>
<p>&nbsp;</p>
<div class="video-wrapper "><iframe loading="lazy" title="The folding bench from Woodprofesionals" width="500" height="281" src="https://www.youtube.com/embed/rihF8b40BVs?feature=oembed" frameborder="0" allow="accelerometer; autoplay; clipboard-write; encrypted-media; gyroscope; picture-in-picture; web-share" referrerpolicy="strict-origin-when-cross-origin" allowfullscreen></iframe></div>

<p>Koe vertaansa vailla oleva monipuolisuus leirintämökki. Kahdesta yhdistetystä yksiköstä koostuva se tarjoaa loputtomasti mukautumismahdollisuuksia asuintiloista yksilöllisiin mieltymyksiin ja ideoihin räätälöityihin saunakokoonpanoihin.</p>
